and 268?
4
What is the greatest common divisor of 4848192 and 886?
886
What is the highest common factor of 1023870 and 15?
15
What is the highest common factor of 913663 and 682?
31
What is the highest common factor of 7 and 246519?
7
Calculate the greatest common divisor of 8835 and 69099.
93
What is the greatest common divisor of 46120 and 20680?
40
What is the highest common divisor of 11323 and 394563?
871
Calculate the highest common factor of 3873 and 303.
3
Calculate the greatest common divisor of 50880 and 70596.
636
Calculate the greatest common factor of 1606 and 69569.
73
Calculate the greatest common divisor of 33 and 137499.
3
Calculate the highest common factor of 266 and 10304.
14
Calculate the highest common factor of 1044 and 120582.
522
Calculate the highest common divisor of 256 and 381504.
64
What is the greatest common factor of 72174 and 1679?
23
Calculate the greatest common factor of 162 and 192006.
18
What is the greatest common divisor of 1784555 and 1525?
305
What is the greatest common divisor of 84 and 242732?
28
Calculate the greatest common divisor of 2698 and 60325.
19
Calculate the greatest common divisor of 4932 and 15273.
9
What is the greatest common factor of 138 and 402?
6
What is the greatest common factor of 7570 and 10?
10
Calculate the highest common divisor of 21698 and 361.
19
Calculate the greatest common factor of 95057 and 19.
19
Calculate the greatest common divisor of 6056 and 872.
8
What is the highest common factor of 3667 and 22553?
19
What is the greatest common divisor of 115157 and 518?
7
Calculate the greatest common factor of 2773 and 1593.
59
What is the highest common factor of 43602 and 546?
78
What is the highest common divisor of 1247 and 1073?
29
What is the highest common factor of 27311 and 279?
31
Calculate the highest common divisor of 847 and 88319.
77
Calculate the greatest common factor of 290 and 9700.
10
What is the highest common divisor of 1028 and 1951401?
257
What is the greatest common divisor of 514377 and 189?
27
What is the greatest common factor of 106600 and 900?
100
What is the highest common divisor of 61380 and 31155?
465
What is the greatest common divisor of 109281 and 3504?
219
Calculate the greatest common divisor of 18251 and 1.
1
Calculate the highest common divisor of 1 and 1342.
1
What is the greatest common factor of 86463 and 351?
117
What is the highest common divisor of 342432 and 22509?
369
Calculate the highest common factor of 2461 and 114383.
107
What is the highest common factor of 30 and 5163?
3
What is the greatest common factor of 2014445 and 101?
101
What is the highest common factor of 126016 and 572?
44
What is the greatest common divisor of 876702 and 6?
6
Calculate the greatest common divisor of 32424 and 1848.
168
What is the highest common divisor of 538 and 58?
2
What is the highest common divisor of 3147 and 329386?
1049
What is the highest common divisor of 1736 and 1540?
28
What is the highest common divisor of 15000 and 24?
24
Calculate the greatest common factor of 36048 and 168.
24
Calculate the greatest common divisor of 10500219 and 27.
27
What is the highest common divisor of 48 and 16158?
6
What is the highest common factor of 5876 and 33956?
52
What is the greatest common factor of 127304 and 152?
8
Calculate the greatest common factor of 14279 and 2096.
131
Calculate the greatest common divisor of 60350 and 10.
10
What is the greatest common factor of 81 and 533457?
9
Calculate the greatest common factor of 14402 and 114.
38
Calculate the highest common factor of 4707 and 27.
9
What is the highest common divisor of 609996 and 24?
12
What is the greatest common divisor of 13 and 773461?
13
What is the greatest common factor of 504 and 551964?
84
What is the highest common factor of 25066 and 165496?
302
What is the greatest common divisor of 740836 and 356?
356
What is the highest common factor of 938 and 518?
14
What is the greatest common divisor of 137660 and 5?
5
What is the greatest common factor of 89784 and 36?
36
What is the highest common factor of 473 and 3133152?
473
What is the greatest common divisor of 78 and 33566?
26
Calculate the greatest common factor of 121936 and 64.
16
What is the highest common factor of 1134 and 350?
14
What is the greatest common factor of 593725 and 1496?
187
Calculate the highest common divisor of 60 and 19905.
15
Calculate the highest common factor of 72 and 376776.
72
What is the highest common factor of 11521 and 123?
41
Calculate the greatest common factor of 8613 and 2376.
297
What is the greatest common divisor of 1456 and 2574?
26
Calculate the greatest common factor of 351331 and 409.
409
What is the greatest common factor of 69 and 138?
69
Calculate the highest common divisor of 41310 and 68.
34
Calculate the highest common divisor of 6280 and 1010.
10
Calculate the greatest common divisor of 9 and 3008691.
9
What is the greatest common divisor of 21 and 1438325?
7
Calculate the highest common divisor of 10607377 and 627.
209
What is the greatest common factor of 224444 and 132?
44
Calculate the highest common divisor of 890 and 3665.
5
What is the highest common divisor of 406 and 36250?
58
Calculate the greatest common divisor of 12140 and 10319.
607
What is the greatest common divisor of 498768 and 120?
24
Calculate the highest common divisor of 594 and 85833.
297
What is the greatest common divisor of 11134 and 2432?
38
What is the highest common divisor of 768 and 4146?
6
What is the highest common divisor of 1748 and 69?
23
What is the greatest common factor of 23 and 66562?
23
Calculate the greatest common factor of 113710 and 175130.
830
What is the highest common divisor of 457873 and 156?
13
Calculate the greatest common divisor of 3164 and 280.
28
Calculate the greatest common factor of 4815 and 156327.
321
What is the greatest common factor of 11128 and 72760?
856
Calculate the greatest common factor of 100402 and 272.
34
What is the highest common factor of 3870 and 2451?
129
What is the greatest common divisor of 630 and 264810?
210
Calculate the greatest common divisor of 390 and 17508.
6
Calculate the highest common factor of 913 and 97027.
83
Calculate the greatest common divisor of 122078 and 2387.
341
Calculate the highest common divisor of 158 and 75445.
79
What is the greatest common divisor of 61936 and 1176?
392
What is the greatest common divisor of 156 and 107628?
12
Calculate the greatest common factor of 48927 and 47.
47
What is the greatest common divisor of 981900 and 25?
25
Calculate the highest common factor of 12675 and 2860.
65
What is the highest common factor of 36331 and 893?
47
What is the highest common factor of 40 and 7655?
5
Calculate the greatest common divisor of 653 and 1045453.
653
Calculate the highest common divisor of 1038744 and 1296.
648
What is the highest common factor of 37521 and 279?
9
Calculate the highest common divisor of 295 and 224377.
59
Calculate the greatest common divisor of 1571 and 509.
1
What is the highest common factor of 11 and 421652?
11
Calculate the highest common divisor of 2576 and 2212416.
368
Calculate the highest common divisor of 2362620 and 130.
130
What is the greatest common factor of 145446 and 126?
42
What is the highest common factor of 40 and 286816?
8
What is the greatest common divisor of 10347666 and 798?
798
What is the highest common divisor of 672 and 2709?
21
Calculate the highest common factor of 8805 and 105.
15
What is the greatest common divisor of 72 and 50016?
24
Calculate the highest common factor of 34587 and 46413.
81
What is the highest common factor of 27 and 5090391?
27
What is the highest common factor of 58911 and 279?
3
Calculate the highest common divisor of 476 and 76.
4
Calculate the greatest common factor of 330448 and 96.
16
What is the highest common divisor of 280 and 1689310?
70
Calculate the highest common divisor of 3850 and 2541.
77
What is the highest common factor of 113929 and 59?
59
What is the highest common factor of 1912 and 69071?
239
Calculate the greatest common divisor of 123 and 99753.
123
Calculate the greatest common factor of 1468 and 290297.
367
Calculate the greatest common factor of 199 and 2844.
1
What is the greatest common fact